s digit of -4 + 50/(z - -1)?
6
Let v = -11310 + 34802. What is the ten thousands digit of v?
2
Let n = -646 - -303. Let r = n + 1246. What is the units digit of r?
3
Let x(o) = 49*o + 176. Suppose -4*t = 2*z - 54, -5*t + 78 = -z + 7. What is the tens digit of x(t)?
6
What is the hundreds digit of (-16)/(-10) - 2 - (-486189)/135?
6
Let i = -61 - -61. Suppose 4*a - 40 = -i*a. Suppose -256 = a*q - 14*q. What is the units digit of q?
4
Let c be 28/(-6) + 7/(-21). Let u be 0 + c - -10 - (-1 - -4). Suppose 0 = u*p + 37 - 219. What is the tens digit of p?
9
Let i(a) = 10 + 4*a - 3*a + 63*a**2 - 40*a**2 - 25. What is the units digit of i(-4)?
9
What is the thousands digit of -18*(-6)/36*((-9811)/(-3))/1?
9
Let k = 397 + -218. Let q = k - -105. What is the hundreds digit of q?
2
Suppose 13*m + 99341 = 22*m - 11575. What is the units digit of m?
4
Suppose 0 = 5*x - 58 + 148. Let s be (-1)/(6/(-290))*x/6. Let p = 247 + s. What is the units digit of p?
2
Let i be 2*(4/(-8) + 2). Suppose 262 = -2*b + 4*b + o, -i*o = -b + 145. Suppose 45 = -g + b. What is the units digit of g?
8
Let m(t) = -t**3 + 17*t**2 + 24*t - 38. Suppose -5*p + 46 + 44 = 0. What is the tens digit of m(p)?
7
What is the hundreds digit of 2290/916 + (-206526)/(-4)?
6
Let p be ((-24584)/42)/(2/(-3)). Suppose 11*u - p = 1520. What is the tens digit of u?
1
Let g(h) = 631*h + 103. What is the hundreds digit of g(87)?
0
Let i(d) = -2*d**3 + 11*d**2 + 8*d - 9. Let z be i(6). Let m(c) = 18*c**2 + 4*c**3 - 25 + 4*c**3 + 12*c**3 - 21*c**z - 11*c. What is the units digit of m(17)?
7
Suppose 3477 = 11*m - 6247. Let i = -630 + m. What is the units digit of i?
4
Suppose 0 = 23*d - 19*d + 2*o - 26436, d - 6621 = -2*o. What is the thousands digit of d?
6
Suppose -16104 = -16*l + 14*l + 4*t, l = t + 8059. What is the tens digit of l?
6
Suppose 83*g - 79*g - 3688 = -2*a, 2*g = -10. What is the tens digit of a?
5
What is the hundreds digit of (-11)/(374/(-336243)) + 5/(-2)?
8
Let m(j) = 20*j + 38 - j**2 + 35*j - 36*j. What is the units digit of m(19)?
8
Suppose -47*o = -24*o - 213822 - 41915. What is the ten thousands digit of o?
1
Suppose 2 = 5*d + 22, d = -5*x + 801. Let m = -128 + x. What is the tens digit of m?
3
Let b(d) = 3*d - 3. Let o be b(2). Suppose 4 = -4*n + 4*u - 16, o*n - 10 = -2*u. Suppose n = 5*w - 5, 0 = 2*m + 4*w - 20 - 60. What is the tens digit of m?
3
Suppose 20 = p + 3*p. Let g(s) = 3*s**3 - 5*s**3 + 0*s**3 - 5*s + 2 + 3*s**3. What is the hundreds digit of g(p)?
1
Let c = 1346 + -655. Suppose -5766 - c = -11*l. What is the hundreds digit of l?
5
Suppose -1 = 5*t - 31. Suppose -t*w + w + h = -45, -w + 9 = 4*h. Suppose 4*l = -7 - w, 0 = -f - 3*l + 129. What is the units digit of f?
1
Let i = 12320 + -1474. What is the hundreds digit of i?
8
Suppose -9159 = -u + r, 16*u - 45747 = 11*u - 3*r. What is the units digit of u?
3
Let k(y) be the third derivative of 2/3*y**5 - 11*y**2 + 0*y - 1/12*y**4 - 1/2*y**3 + 0. What is the units digit of k(-1)?
9
Suppose 5*s = 4*r + 223, -4*s = 7*r - 2*r - 203. Suppose s = -5*q + 1667. What is the tens digit of q/3 + (4 - -1)?
1
Suppose 0 = 3*o - 3, -4*o + 123 = 3*a - 1. Suppose -26*c + a*c - 9534 = 0. What is the units digit of c?
1
What is the thousands digit of (172/10)/(((-9)/(-285))/3)?
1
Suppose -2622 = 4*z - 3*w, 0 = -z - 2*w - 616 - 45. Let f = -436 - z. What is the tens digit of f?
2
Let s be ((-2)/6 + 1)*261. Let n(q) = -q**3 + 9*q**2 - 8*q + 4. Let a be n(8). Suppose 0 = a*g - s - 18. What is the tens digit of g?
4
Let y = 10889 - -138. What is the units digit of y?
7
What is the thousands digit of 693560/105 - ((-52)/(-12) - 3 - 1)?
6
Suppose 0*t + 770 = 5*t. Suppose 4*w + 4*s = -200, -3*w - 2*s = -s + t. Let b = 63 + w. What is the units digit of b?
1
Let j(l) = -l + 45. Let r be j(13). Suppose 7 = -5*s + r. Suppose -u + 252 = s*u. What is the units digit of u?
2
Let z(k) = 2*k**2 - 3*k + 32. Let n be z(-16). Suppose -5*f - h = -2*h - 740, -4*f + 4*h = -n. What is the tens digit of f?
4
Let i(f) = -f + 71. Let d(s) = -s**3 - 3*s**2 - 5*s - 5. Let r be d(-3). Let a be i(r). What is the units digit of a/2*(40/5 + -2)?
3
Let m be (15/(-10))/((-8)/112). Suppose m*i = 17*i + 2628. What is the units digit of i?
7
What is the tens digit of (59259/(-18))/(-9 + 371/42) - 2?
5
Suppose 0 = -4*l - 24, -115*u + 108*u + 2*l = -201836. What is the tens digit of u?
3
Suppose -2*h = 2*h + 36. Let b(j) = -236 - 21*j - 236 - j**2 + 470. What is the hundreds digit of b(h)?
1
Let r = -88 + 111. Let a = r + -19. Suppose -a*o + t + 541 = 0, -4*t + 0*t = 5*o - 671. What is the tens digit of o?
3
Suppose -10*l - 4*l - 12026 = 0. Let q = -107 - 490. Let x = q - l. What is the hundreds digit of x?
2
Let y(k) = 9*k**2 + 6*k - 240. What is the units digit of y(-31)?
3
Let a be (4/8)/(2/40). Suppose a = -3*x + o + 119, -4*x - 2*o = -132. Let b = x + 43. What is the units digit of b?
8
Let y = -54 + 59. Suppose -y*o - 11 - 4 = 0, -5*i - 3*o = -2071. What is the units digit of i?
6
Let a(l) = -30*l - 1. Let b be a(1). Let v = 47 - b. Let w = 142 - v. What is the units digit of w?
4
Let d be 175/(-140) - 18/(-8). Let z(u) = 660*u**3 - u**2 + 10*u - 10. What is the tens digit of z(d)?
5
Let n(f) be the third derivative of -f**4/24 - 13*f**3/6 + 16*f**2. Let o be n(-13). Suppose o = p + 10 - 154. What is the tens digit of p?
4
Let j(s) be the first derivative of -s**4/4 - 13*s**3/3 - 5*s**2 + 29*s + 14. Let y be j(-12). Let d(a) = 8*a**2 - a + 6. What is the hundreds digit of d(y)?
2
Let b(c) = -c**3 + 92*c**2 + 268*c - 25. What is the hundreds digit of b(90)?
2
Suppose 2*r + 10 = 0, 5*f + 3*r = 13175 + 1385. Suppose 5*l + f = -2250. What is the hundreds digit of l/(-9) - ((-22)/18 - -1)?
1
Let o(k) = -6*k - 26. Suppose 6*l + 10 = 4*l. Let i be o(l). What is the units digit of -21*-7*(-4)/i*-1?
7
Suppose 18*r - 1181 - 7 = 0. Let y = r - -31. What is the units digit of y?
7
Suppose -13*p - 2*l + 254880 = p, 3*l = 4*p - 72805. What is the tens digit of p?
0
Let h(k) be the second derivative of -325*k**3/6 + 9*k**2/2 - 87*k. What is the tens digit of h(-1)?
3
Let v(q) = -q**3 + 11*q**2 + 2*q - 38. Let h be v(11). Let k be 108/(h/(-4) - 2). Suppose 48*r + 1620 = k*r. What is the hundreds digit of r?
2
Let z(y) = y**3 - 4*y**2 + 5*y + 2. Let t be -4 + -4*(-3)/12. Let u(g) = g**3 + 4*g**2 + g - 1. Let d be u(t). What is the tens digit of z(d)?
5
Suppose 14*f - 5*f + 2349 = 0. Let t = -56 - f. What is the units digit of t?
5
What is the hundreds digit of -3893*((-2)/(-20) - 651/210)?
6
Suppose 0 = -b + 19. Let q = b - 292. What is the tens digit of (-42)/q - (-219)/13?
1
Let b be 69*(1 + -6 - -6). Suppose -3*y - 3*k = -b, -3*k + 4*k = -4. What is the tens digit of y?
2
Suppose -3*a = 2*u - 9, -53*u + 55*u = 0. Suppose l - 2*m - 965 = 0, -a = -2*m - 7. What is the tens digit of l?
6
Let f = 50 + -39. Let p = 17 - f. Suppose 75 = p*j - 3*j. What is the units digit of j?
5
Let g be (-762)/(-1651)*13/2. Let v be (-5)/((-10)/12) - 1. Suppose 256 = v*q - g*i, -q + 203 = 3*q - 3*i. What is the units digit of q?
3
Let q(y) = -227*y + 2. Let r be q(-3). Let p = r - 349. What is the tens digit of p?
3
Let f = -26884 + 46757. What is the ten thousands digit of f?
1
Let n = -503 + 497. Let w(d) = 84*d + 33. Let o(g) = -28*g - 11. Let z(c) = -8*o(c) - 3*w(c). What is the tens digit of z(n)?
5
Let w(c) = 117*c**2 + 55*c - 3. What is the ten thousands digit of w(11)?
1
What is the hundreds digit of 1/5 - (-1041466)/95 - (3 - 3)?
9
Let w(k) = 4*k - 2*k + k - 7 - 3*k - 5*k. What is the units digit of w(-16)?
3
Suppose 4*n - 5*n = 4*f - 10463, 3*f + 5*n = 7843. Suppose -18*m = -10*m - f. What is the hundreds digit of m?
3
Let u(l) = -l**3 - 57*l**2 + 76*l + 6. What is the hundreds digit of u(-60)?
2
What is the units digit of ((18 + -26)/40)/((-2)/161270)?
7
Suppose -4*s = 6*d - d - 2, 3*s + d = -4. Let h(f) = f**2 - 6*f - 2. Let q be h(s). Let k = 126 + q. What is the hundreds digit of k?
1
Let s(f) = -2*f**3 + 28*f**2 + 2*f - 10. Let o be s(14). Suppose -o*g + 102 = -16*g. Suppose 3*m = -h + 5*h - 149, h = -2*m + g. What is the tens digit of h?
4
Let m = -197 + 202. Suppose 4*p - 1574 = -3*u + 925, -m*p = 3*u - 3120. What is the tens digit of p?
2
Let u(f) = -2*f**2 + 57*f - 78. Let z be u(27